ivide 1032351859?
True
Is 6446146 a multiple of 49?
True
Does 7 divide 15831589?
False
Is 32332300 a multiple of 140?
True
Does 9 divide 396471771?
True
Is 157 a factor of 76138877?
True
Is 46170081 a multiple of 1442?
False
Is 7758262 a multiple of 9?
False
Does 31 divide 319952046?
False
Is 3775217 a multiple of 19?
False
Is 233 a factor of 147146956?
True
Does 953 divide 1026344028?
False
Is 80565072 a multiple of 28?
True
Is 17 a factor of 4525876?
True
Does 100 divide 5001690?
False
Is 786837570 a multiple of 87?
True
Is 17 a factor of 123410582?
True
Does 974 divide 41864872?
False
Does 61 divide 36658133?
True
Is 242 a factor of 1065626066?
False
Is 18 a factor of 14312766?
False
Does 46 divide 3052006260?
False
Is 26 a factor of 1386825549?
False
Does 28 divide 265110110?
False
Is 5 a factor of 115771435?
True
Is 147 a factor of 33105576?
True
Does 220 divide 34244219?
False
Is 123272128 a multiple of 5886?
False
Does 287 divide 3566092207?
False
Does 124 divide 737177892?
True
Does 23 divide 1367488?
True
Is 29 a factor of 2057240860?
True
Is 4803 a factor of 1844309640?
False
Is 5600 a factor of 443687117?
False
Does 15 divide 807358861?
False
Does 14 divide 797492542?
True
Is 38 a factor of 2061015462?
True
Is 277427199 a multiple of 21?
True
Does 7 divide 52306806?
False
Is 53508979 a multiple of 73?
False
Is 38106892 a multiple of 157?
False
Is 63 a factor of 34121367?
True
Is 92737935 a multiple of 15?
True
Does 660 divide 77474424?
False
Is 1160490107 a multiple of 10?
False
Does 29 divide 10234658?
False
Is 3496056 a multiple of 74?
True
Is 9 a factor of 85013532?
True
Is 3987844 a multiple of 7?
True
Does 1691 divide 287578748?
False
Is 79 a factor of 31747888?
True
Does 623 divide 468570760?
True
Is 119 a factor of 205328550?
True
Does 105 divide 281849820?
True
Is 43 a factor of 620214929?
True
Is 18 a factor of 25803594?
True
Is 62153798 a multiple of 2186?
False
Is 196126206 a multiple of 141?
True
Does 16 divide 37862714?
False
Is 90014722 a multiple of 3?
False
Is 66092688 a multiple of 39?
False
Does 39 divide 21662979?
True
Is 376 a factor of 724225138?
False
Is 3815184464 a multiple of 15988?
True
Is 4990 a factor of 195142123?
False
Is 535145284 a multiple of 3426?
False
Is 204067904 a multiple of 64?
True
Does 147 divide 16231009?
False
Does 81 divide 1156923?
True
Does 626 divide 59843722?
True
Is 35 a factor of 470878555?
True
Does 337 divide 97721465?
False
Does 544 divide 49422400?
True
Is 1144 a factor of 1095454009?
False
Is 1185 a factor of 335888284?
False
Is 17 a factor of 1154737903?
True
Is 144510777 a multiple of 2087?
False
Is 31 a factor of 4423049?
True
Does 24 divide 194584975?
False
Is 85532682 a multiple of 208?
False
Does 13 divide 17915979?
False
Does 323 divide 27597972?
False
Is 17887248 a multiple of 16?
True
Is 157269610 a multiple of 290?
True
Is 411821480 a multiple of 28?
True
Does 143 divide 66918137?
True
Is 2441 a factor of 62880160?
True
Is 14550605 a multiple of 115?
True
Does 264 divide 35359368?
True
Does 1264 divide 144439376?
False
Does 744 divide 76595343?
False
Does 9 divide 238213299?
False
Is 490 a factor of 3022417510?
True
Is 5164406895 a multiple of 18?
False
Does 452 divide 107370340?
True
Does 23 divide 6424323?
False
Is 1636 a factor of 20034456?
True
Is 38 a factor of 373648376?
True
Does 4453 divide 77276204?
False
Is 57222610 a multiple of 10?
True
Does 45 divide 60133158?
False
Is 263 a factor of 56586554?
True
Is 44 a factor of 28951340?
True
Is 28 a factor of 146014631?
False
Does 906 divide 174617004?
True
Is 191 a factor of 270112773?
True
Does 35 divide 2971918?
False
Is 58200412 a multiple of 556?
True
Is 120890850 a multiple of 58?
True
Is 13 a factor of 207198516?
False
Is 2883093600 a multiple of 109?
True
Is 1018001629 a multiple of 123?
False
Is 21220686 a multiple of 534?
False
Is 8888 a factor of 2708654814?
False
Is 25445036 a multiple of 8?
False
Does 3157 divide 45249281?
True
Does 3403 divide 1201605281?
False
Does 15 divide 247723771?
False
Is 1000985488 a multiple of 16?
True
Is 388 a factor of 74899132?
True
Does 1046 divide 54683270?
False
Is 544 a factor of 40064512?
True
Is 27019161 a multiple of 9?
True
Is 61 a factor of 98142219?
False
Does 24 divide 654561096?
True
Is 9 a factor of 126207?
True
Does 30 divide 104351464?
False
Is 105 a factor of 1435830571?
False
Does 25 divide 49588675?
True
Is 1700986850 a multiple of 11983?
True
Is 105926288 a multiple of 4264?
True
Does 187 divide 16835610?
True
Is 83827059 a multiple of 40?
False
Does 10 divide 4279711022?
False
Does 12 divide 2294098980?
True
Does 6 divide 238720416?
True
Is 46 a factor of 104615075?
False
Is 62 a factor of 1495750?
True
Is 1381312044 a multiple of 12?
True
Is 656056387 a multiple of 15?
False
Is 33 a factor of 36280013?
False
Is 47093896 a multiple of 37?
True
Does 22 divide 47964538?
False
Is 264 a factor of 27235993?
False
Is 130299 a multiple of 13?
True
Does 8 divide 158679816?
True
Is 355972056 a multiple of 264?
True
Is 41 a factor of 16145762?
False
Is 48182591 a multiple of 12?
False
Is 802009448 a multiple of 23?
True
Is 335 a factor of 34563391?
False
Does 46 divide 85898882?
True
Is 203770260 a multiple of 382?
True
Does 292 divide 115764849?
False
Is 2 a factor of 1056969739?
False
Does 774 divide 31144212?
True
Does 258 divide 52963089?
False
Is 169868780 a multiple of 383?
False
Is 183 a factor of 375603108?
True
Does 35 divide 414114645?
True
Does 25 divide 38221182?
False
Is 21108636 a multiple of 9?
True
Does 412 divide 6861036?
True
Does 218 divide 7810940?
True
Does 1457 divide 899307024?
True
Does 64 divide 43837760?
True
Is 13452895 a multiple of 9?
False
Is 290924647 a multiple of 63?
False
Is 3180 a factor of 1553229660?
True
Does 671 divide 313666110?
False
Is 522632435 a multiple of 1229?
False
Is 32451167 a multiple of 1017?
False
Is 273335955 a multiple of 5?
True
Is 338 a factor of 2027543024?
True
Is 13 a factor of 803722?
False
Is 636 a factor of 3720342?
False
Is 13065820 even?
True
Is 1988880017 a multiple of 6968?
False
Is 89 a factor of 7921440?
False
Does 46 divide 725700876?
True
Does 2 divide 105029040?
True
Does 1086 divide 146061976?
False
Is 263 a factor of 540213537?
False
Does 1260 divide 123071638?
False
Does 944 divide 25384160?
True
Is 28169547 a multiple of 201?
True
Does 1331 divide 1064146479?
True
Does 5 divide 4738462?
False
Does 80 divide 48317840?
True
Is 1136560 a multiple of 20?
True
Is 24 a factor of 2814528?
True
Does 73 divide 171938725?
True
Is 1388705078 a multiple of 899?
True
Is 867 a factor of 56694949?
False
Is 41 a factor of 6750076?
True
Is 33505370 a multiple of 74?
False
Is 135 a factor of 28344295?
False
Does 8 divide 29942960?
True
Does 363 divide 41873139?
True
Is 80062430 a multiple of 314?
False
Does 82 divide 123468973?
False
Is 5 a factor of 4183590?
True
Is 3317 a factor of 107911961?
True
Is 150 a factor of 186300?
True
Is 7367643192 a multiple of 13?
True
Does 15 divide 1171371360?
True
Is 38811473 a multiple of 198?
False
Does 166 divide 330206204?
True
Does 1038 divide 29677985?
False
Is 43 a factor of 43248110?
True
Is 23282216 a multiple of 6?
False
Does 824 divide 139793356?
False
Does 189 divide 20910393?
True
Is 614750258 a multiple of 182?
False
Does 277 divide 1427626447?
False
Is 17 a factor of 7930772?
True
Does 216 divide 15461280?
True
Is 80 a factor of 45850640?
True
Does 2263 divide 2361958727?
True
Does 21 divide 2669989266?
True
Does 1093 divide 224259554?
True
Is 2498393040 a multiple of 1040?
True
Is 10 a factor of 30348520?
True
Does 29 divide 3729999778?
True
Is 179 a factor of 3852259?
True
Is 22 a factor of 13104938?
True
Is 148034472 a multiple of 11?
False
Is 149 a factor of 2381153653?
True
Does 148 divide 30045776?
True
Is 766559232 a multiple of 192?
True
Does 1409 divide 4497220838?
True
Is 42451310 a multiple of 109?
False
Is 17 a factor of 18383375?
True
Does 101 divide 3894762?
True
Is 76719501 a multiple of 27?
True
Is 125 a factor of 4846500?
True
Is 641 a factor of 2687306810?
False
Does 9 divide 49806783?
True
Does 1055 divide 5841535?
True
Is 38 a factor of 2104366473?
False
Is 6686100 a multiple of 340?
True
Is 266309751 a multiple of 35?
False
Does 3